
25
What is the remainder when (-296)/16*(-3 + 4 + -3) is divided by 17?
3
Let c(y) = 6*y**2 - 92*y - 32. What is the remainder when c(17) is divided by 74?
64
Let o = -3 - -13. Let a be -4 - (-3 - -6 - o). Suppose -4*g + 2*g - 23 = -a*j, -3*j - g + 29 = 0. Calculate the remainder when j is divided by 3.
0
Let s(q) = 11*q**2 + q + 1. Calculate the remainder when 31 is divided by s(1).
5
Suppose -636*d + 625*d = -7678. What is the remainder when d is divided by 35?
33
Let q = -1105 - -1689. What is the remainder when q is divided by 39?
38
Calculate the remainder when 59 is divided by 623/21 - ((-33)/(-9) - 4).
29
Let a = 371 + -286. Calculate the remainder when 167 is divided by a.
82
Suppose 5*o - 2*o = 147. Suppose 4*w = 11 + o. Calculate the remainder when 102 is divided by w.
12
Suppose -3 = -a, w = 2*w + 2*a + 1792. What is the remainder when 55 is divided by (w/(-31))/((-1 - -4) + -1)?
26
Let j(n) = -30*n**3 + n**2 + n. Suppose 42*u - 40*u = -4*m + 62, 0 = m + 2*u - 5. What is the remainder when j(-1) is divided by m?
11
Suppose -9*z + 7*z + 300 = 4*p, -5*z + 4*p = -708. Calculate the remainder when z is divided by 32.
16
Let y = 950 + -812. What is the remainder when y is divided by 35?
33
Let r = -4 + 6. Suppose r*t = 7*t - 35. Calculate the remainder when t is divided by 3.
1
Let a(g) = -3*g - 8. Let m be a(-22). Let x = m + -49. Calculate the remainder when 51 is divided by x.
6
Let z(s) = 5*s - 5. Suppose 11*l - 99 = -0*l. What is the remainder when 77 is divided by z(l)?
37
Let i(u) = 22*u**2 + 263*u + 15. Calculate the remainder when 320 is divided by i(-12).
23
Let n = 142 + -226. Calculate the remainder when (n/18 - -5)*186 is divided by 8.
6
Suppose -x = 6*x - 98. Let l = -5 + x. Let d(b) = 3*b - 12. What is the remainder when d(l) is divided by 6?
3
Let z = -670 - -710. What is the remainder when z is divided by 25?
15
Suppose 5*q - 5*w - 52 = -4*w, 4*q = -5*w + 59. Let a(k) be the first derivative of k**2 + 15*k + 5. Calculate the remainder when a(13) is divided by q.
8
Suppose -30*h + 35*h = 15. Suppose h*i = -i + 180. What is the remainder when i is divided by (-48)/9*(-4 - -1)?
13
Let c(a) = 3*a**2 - 9*a - 3. Let j = -18 + 22. What is the remainder when 24 is divided by c(j)?
6
Let a(i) = i**2 - 14*i + 74. What is the remainder when 117 is divided by a(13)?
56
Suppose -2*o + 0*o + 5*q - 19 = 0, 2*o - 4*q + 14 = 0. Suppose -4*t + 222 = o*b, 0 = b + t - 6*t - 74. What is the remainder when b is divided by 20?
14
Let x(d) = d**3 + 7*d**2 + 4*d - 7. Let v = -217 - -221. What is the remainder when x(-5) is divided by v?
3
Suppose -33*u - 68 = -37*u. Let m = 130 + -83. Calculate the remainder when m is divided by u.
13
Let w = 118 + -37. Let j(r) = 7*r + 61. Let u(z) = 10*z + 91. Let n(b) = -7*j(b) + 5*u(b). What is the remainder when w is divided by n(-7)?
18
Calculate the remainder when ((-10)/(-3) - -2)/(48/144) is divided by 3*((-2)/18)/(2/(-30)).
1
Suppose u = -43 + 261. What is the remainder when u is divided by 17?
14
Let h = 1772 - 1758. What is the remainder when 177 is divided by h?
9
Suppose 0 = -0*c + 2*c + 936. What is the remainder when (6/(-9))/(3*8/c) is divided by 5?
3
Let w = -4 - -12. Let x(f) = 3*f - 3*f - 3*f + f**2 - 11 + 0*f. Calculate the remainder when x(w) is divided by 8.
5
Let j(v) = 6*v + 2. Let i be j(-1). What is the remainder when 33 is divided by ((-27)/(-6))/((-2)/i)?
6
Suppose r + f = 5*f, -3*f = -3. Suppose 0*m = r*m - 8. Suppose -10 = -i - m. What is the remainder when 21 is divided by i?
5
Suppose -r - 2*t + 29 = 0, -3*r - 4*t - 35 + 124 = 0. Suppose 3*p = 5*p - 16. Calculate the remainder when r is divided by p.
7
Suppose -2*t = 2*s + 3*s - 225, 5*t = 2*s + 635. Calculate the remainder when 231 is divided by t.
106
Suppose -s = -3*s + 14. Suppose -2*y = -4*f - 28, -3*y + s*f = 2*f - 40. What is the remainder when 39 is divided by y?
9
Suppose -v - 70 = -6*v. Suppose -5*x - 12 = -x + 4*n, 2*n = -5*x - 6. Suppose x*q = 7*q - 175. What is the remainder when q is divided by v?
11
Suppose -h + 2*d + 117 - 17 = 0, 3*d + 486 = 5*h. What is the remainder when h is divided by 25?
21
Let g = 1005 + -991. Calculate the remainder when g is divided by 11.
3
Suppose -79 = -m + 3*l, 3*m + 5*l - 136 = m. Calculate the remainder when m is divided by 11.
7
Suppose -2*r + 11 + 11 = 0. Suppose -r = 4*a - 5*a. Suppose -3*t + 0*t + 141 = -5*d, -3*d - 135 = -3*t. Calculate the remainder when t is divided by a.
9
Suppose -6*d + 9 = -3*d + 3*v, -23 = -3*d + 4*v. Suppose -d*c = -37 - 3. What is the remainder when 14 is divided by c?
6
Suppose 4*x + o = 76, 57 = x + 2*x + o. Suppose 0 = -h + c + x, c = 4*c + 15. What is the remainder when h is divided by 8?
6
Suppose 2*k - 4*r - 10 = 0, 0*k + 2*r = 2*k - 8. What is the remainder when (-4 + 185/10)*(k + -1) is divided by 10?
9
Calculate the remainder when 59 is divided by 4/(-4)*(-16 + 25/5).
4
Let g = 32 + -18. Let r be -1*(-2)/(-4)*-10. Suppose 100 = r*f + 5*a, a = -4*a - 25. Calculate the remainder when f is divided by g.
11
Let u(q) = 40*q**2 + 6*q - 4. Calculate the remainder when u(1) is divided by 19.
4
Let r(g) = -14*g + 1. Suppose 651 = 5*q + 2*m, -3*m - 102 - 147 = -2*q. Let h = -107 + q. What is the remainder when r(-6) is divided by h?
19
Suppose -15 = -3*i, 3*p + 5*i - 2*i = 0. What is the remainder when (-792)/(-15) + (-1)/p*1 is divided by 1 - (2 - 15) - 0?
11
Let p(c) = 2*c - 6. Let b be p(3). Suppose 0 = -3*i - 3*z, i + b*i = 4*z + 25. Let l = 8 + 9. What is the remainder when l is divided by i?
2
Let y = 405 + -392. What is the remainder when 128 is divided by y?
11
Suppose 8*b = 4*b + 220. Calculate the remainder when b is divided by ((-3074)/(-318))/((-1)/(-3)).
26
Let d = 1110 - 834. What is the remainder when d is divided by 9?
6
Let x be ((-46)/(-4))/((-4)/(-16)). Suppose 0 = 3*v + o - x, -5*v + 74 = -o + 4*o. Let j = v - -5. Calculate the remainder when j is divided by 11.
10
Let t(v) = 23*v**3. Let j(b) be the third derivative of b**5/12 + 5*b**4/12 - 7*b**3/6 + 5*b**2. What is the remainder when j(-5) is divided by t(1)?
22
Suppose 8 - 3 = f + 5*s, 0 = 4*s. Suppose -9*b - 3*m + 22 = -7*b, 4*b = f*m + 88. What is the remainder when 67 is divided by b?
16
Let a(j) = j**2 - 10*j + 10. Let o be (14/(-10) - -2)*15. Let z be a(o). What is the remainder when (-2)/(z - 2) + 35 is divided by 10?
7
Let i(r) = 2*r**2 + 2*r. Let k(g) = g**3 - 2*g**2 - 3*g + 3. Let q be k(2). Let o be i(q). Let d = o + -3. Calculate the remainder when d is divided by 3.
0
Let x(q) = q**2 - 8*q + 13. Let o be x(9). Let f = o + 0. What is the remainder when f is divided by 12?
10
Suppose 5 = 2*k - 13. Let h = k + -3. Suppose 0 = 2*c - 5*q - 45, c = -3*q - q + 3. What is the remainder when c is divided by h?
3
Let w(g) = -20*g + 136. What is the remainder when w(-3) is divided by 67?
62
Suppose -4*t + 2 + 2 = 0. What is the remainder when 4 is divided by -12*t*4/(-16)?
1
Let t(p) = 14*p**2 - 2. Let l be t(-2). Suppose 5*d = 4*s + 86, -5*d + 5*s = -l - 36. What is the remainder when 96 is divided by d?
12
Suppose -160 = r + 7*r. Suppose 2*v + 7 + 23 = 0. Let t = v - r. What is the remainder when 28 is divided by t?
3
Let d = 53 - 30. Let k = 36 - d. Calculate the remainder when 50 is divided by k.
11
Suppose 89 + 13 = 6*s. Let t(x) = -4*x + 9. What is the remainder when t(-10) is divided by s?
15
Let x be (5 + -1)*45/36. Suppose -x*c + 3*s + 209 = 0, 0 = -2*c - 0*c + 5*s + 76. What is the remainder when c is divided by 11?
10
Suppose y = 3*y - 24. Let a be 159 + -2 - (2 + -5). Let p = a - 113. Calculate the remainder when p is divided by y.
11
Suppose -3413 = -9*t - 326. What is the remainder when t is divided by 43?
42
Let j be 1*(0 + 4/(-1)). Let r(c) = -4*c + 3. Calculate the remainder when 69 is divided by r(j).
12
Let m(f) = -f**2 + 8*f - 4. Let q = -31 - -88. Let z = q + -26. What is the remainder when z is divided by m(5)?
9
Let l(g) = 9*g - 54. Calculate the remainder when 97 is divided by l(7).
7
Suppose 0 = -6*q + 110 + 34. What is the remainder when 599 is divided by q?
23
Let k(f) = 3*f**2 - 2*f - 103. What is the remainder when 468 is divided by k(-9)?
152
What is the remainder when 99 is divided by 68/7 + -9*(-20)/630?
9
Suppose -d + 3*d = -4*a + 24, 0 = -2